{"id":3481,"date":"2014-01-01T20:34:20","date_gmt":"2014-01-01T18:34:20","guid":{"rendered":"http:\/\/www.rkropisto.fi\/?page_id=3481"},"modified":"2022-09-08T13:40:58","modified_gmt":"2022-09-08T10:40:58","slug":"historia","status":"publish","type":"page","link":"https:\/\/www.jamsanopisto.fi\/sv\/jamsan-opisto\/historia\/","title":{"rendered":"Historia"},"content":{"rendered":"<div data-elementor-type=\"wp-page\" data-elementor-id=\"3481\" class=\"elementor elementor-3481\" data-elementor-post-type=\"page\">\n\t\t\t\t\t\t<section class=\"elementor-section elementor-top-section elementor-element elementor-element-55a90bf7 elementor-section-boxed elementor-section-height-default elementor-section-height-default\" data-id=\"55a90bf7\" data-element_type=\"section\">\n\t\t\t\t\t\t<div class=\"elementor-container elementor-column-gap-default\">\n\t\t\t\t\t<div class=\"elementor-column elementor-col-100 elementor-top-column elementor-element elementor-element-7810690e\" data-id=\"7810690e\" data-element_type=\"column\">\n\t\t\t<div class=\"elementor-widget-wrap elementor-element-populated\">\n\t\t\t\t\t\t<div class=\"elementor-element elementor-element-10b28284 elementor-widget elementor-widget-text-editor\" data-id=\"10b28284\" data-element_type=\"widget\" data-widget_type=\"text-editor.default\">\n\t\t\t\t<div class=\"elementor-widget-container\">\n\t\t\t<style>\/*! elementor - v3.23.0 - 05-08-2024 *\/\n.elementor-widget-text-editor.elementor-drop-cap-view-stacked .elementor-drop-cap{background-color:#69727d;color:#fff}.elementor-widget-text-editor.elementor-drop-cap-view-framed .elementor-drop-cap{color:#69727d;border:3px solid;background-color:transparent}.elementor-widget-text-editor:not(.elementor-drop-cap-view-default) .elementor-drop-cap{margin-top:8px}.elementor-widget-text-editor:not(.elementor-drop-cap-view-default) .elementor-drop-cap-letter{width:1em;height:1em}.elementor-widget-text-editor .elementor-drop-cap{float:left;text-align:center;line-height:1;font-size:50px}.elementor-widget-text-editor .elementor-drop-cap-letter{display:inline-block}<\/style>\t\t\t\tJ\u00e4ms\u00e4ss\u00e4 aloitti kansanopisto jo vuonna 1909. Opisto<span style=\"line-height: 1.5em;\">\u00a0oli tuolloin niin sanottu<\/span><span style=\"line-height: 1.5em;\">\u00a0<\/span><span style=\"line-height: 1.5em;\">grundtvigilainen kansanopisto<\/span><span style=\"line-height: 1.5em;\">.<\/span><span style=\"line-height: 1.5em;\">J\u00e4ms\u00e4n Kansanopisto teki arvokkaan ty\u00f6n paikkakunnan ja koko maakunnan kansansivistyksen edist\u00e4miseksi. Nykyisen opiston kupeessa toimii P\u00e4l\u00e4m\u00e4en museoalue, jonka naapuriin opisto muutti vuonna 1919.\n<\/span>\n\n<a href=\"http:\/\/www.jamsanopisto.fi\/wp-content\/uploads\/2014\/01\/p\u00e4l\u00e4m\u00e4ki.jpg\"><img fetchpriority=\"high\" decoding=\"async\" class=\"alignnone size-medium wp-image-4053 aligncenter\" src=\"http:\/\/www.jamsanopisto.fi\/wp-content\/uploads\/2014\/01\/p\u00e4l\u00e4m\u00e4ki.jpg\" alt=\"p\u00e4l\u00e4m\u00e4ki\" width=\"310\" height=\"205\" \/><\/a>\n\nSotien j\u00e4lkeisin\u00e4 vuosina Suomen talous oli vaikea, ja my\u00f6s opisto ajautui taloudellisiin vaikeuksiin. Silloinen opiston johtokunta p\u00e4\u00e4tyi lopulta etsim\u00e4\u00e4n uutta omistajaa velkaantuneelle oppilaitokselle.\n\nToukokuisena aamuna 1963 J\u00e4ms\u00e4nkosken paperitehtaan s\u00e4hk\u00f6asentaja <b>Isak M\u00e4t\u00e4saho<\/b> muisti perunapellolla ty\u00f6skennelless\u00e4\u00e4n kuulleensa J\u00e4ms\u00e4n kansanopiston vaikeuksista. H\u00e4n muisti my\u00f6s Keski-Suomen vanhoillislestadiolaisten ponnistelut oman kansanopiston paikan l\u00f6yt\u00e4miseksi. \u201dMutta siin\u00e4h\u00e4n se on! Voisiko se olla mahdollista?\u201d v\u00e4l\u00e4hti M\u00e4t\u00e4sahon mieless\u00e4. H\u00e4n l\u00e4hti saman tien opistolle ja tapasi ulko-ovella silloisen johtokunnan puheenjohtajan <b>Olavi Joutsenen<\/b>. Joutsen kirjoitti keskeiset tiedot opistosta paperilappuselle ja antoi sen M\u00e4t\u00e4saholle.\n\nJo saman vuoden elokuussa J\u00e4ms\u00e4n Kansanopisto siirtyi <b>Keski-Suomen Kristillisen Kansanopistoyhdistyksen <\/b>omistukseen. Opistosta tuli <b>J\u00e4ms\u00e4n Kristillinen Kansanopisto<\/b>.\n\n<a href=\"http:\/\/www.jamsanopisto.fi\/wp-content\/uploads\/2014\/01\/P1010028.jpg\"><img decoding=\"async\" class=\"alignnone size-medium wp-image-4035 aligncenter\" src=\"http:\/\/www.jamsanopisto.fi\/wp-content\/uploads\/2014\/01\/P1010028.jpg\" alt=\"OLYMPUS DIGITAL CAMERA\" width=\"310\" height=\"232\" \/><\/a>\n\nJ\u00e4ms\u00e4n Kristillisen Kansanopiston taival on ollut monella tapaa vaikuttava. Kansanopisto on haluttu n\u00e4hd\u00e4 nuorison kouluna. Taustayhteis\u00f6\u00e4 edustavalle hallinnolle ja henkil\u00f6kunnalle se on tarkoittanut arkista puurtamista nuorten kanssa sek\u00e4 samalla suunnitelmallista ja periksi antamatonta kehitt\u00e4misty\u00f6t\u00e4 eri aikakausien haasteissa.\u00a0Vahvan, opistoty\u00f6h\u00f6n sitoutuneen <a href=\"http:\/\/www.rauhanyhdistys.fi\">taustayhteis\u00f6n <\/a>turvin on rohjettu investoida niin opiston p\u00e4\u00e4rakennukseen, asuntoloihin, opistoseurojen puitteisiin kuin maa-alueiden hankintaankin.\n\n<a href=\"http:\/\/www.jamsanopisto.fi\/wp-content\/uploads\/2014\/01\/IMG_2926.jpg\"><img decoding=\"async\" class=\"alignnone size-medium wp-image-4046 aligncenter\" src=\"http:\/\/www.jamsanopisto.fi\/wp-content\/uploads\/2014\/01\/IMG_2926.jpg\" alt=\"IMG_2926\" width=\"310\" height=\"208\" \/><\/a>\n\nJ\u00e4ms\u00e4n Kristillisen Kansanopisto 50-vuotistaipaleesta koottu juhlakirja Soi kiitoslaulu\u00a0<a href=\"http:\/\/kauppajamsanopisto.mycashflow.fi\/product\/12\/historiakirja-soi-kiitoslaulu\">\u00a0<\/a>julkistettiin kev\u00e4\u00e4ll\u00e4 2013. Kirjan artikkeleissa piirret\u00e4\u00e4n el\u00e4m\u00e4nmakuista kuvaa opiston vaiheista.\u00a0 Teos kertoo opiston merkityksest\u00e4 ja vaikuttavuudesta opiskelijoille, henkil\u00f6kunnalle ja heid\u00e4n perheilleen sek\u00e4 kiinte\u00e4st\u00e4 yhteisty\u00f6st\u00e4 taustayhteis\u00f6n ja sit\u00e4 edustavan hallinnon v\u00e4lill\u00e4. Yli 320 kuvan aineisto valottaa opiston monipuolista toimintaa ja sis\u00e4lt\u00e4\u00e4 kaikki vuosikurssikuvat nimiluetteloineen.\t\t\t\t\t\t<\/div>\n\t\t\t\t<\/div>\n\t\t\t\t\t<\/div>\n\t\t<\/div>\n\t\t\t\t\t<\/div>\n\t\t<\/section>\n\t\t\t\t<\/div>","protected":false},"excerpt":{"rendered":"<p>J\u00e4ms\u00e4ss\u00e4 aloitti kansanopisto jo vuonna 1909. Opisto\u00a0oli tuolloin niin sanottu\u00a0grundtvigilainen kansanopisto.J\u00e4ms\u00e4n Kansanopisto teki arvokkaan ty\u00f6n paikkakunnan ja koko maakunnan kansansivistyksen edist\u00e4miseksi. Nykyisen opiston kupeessa toimii P\u00e4l\u00e4m\u00e4en museoalue, jonka naapuriin opisto muutti vuonna 1919. Sotien j\u00e4lkeisin\u00e4 vuosina Suomen talous oli vaikea, ja my\u00f6s opisto ajautui taloudellisiin vaikeuksiin. Silloinen opiston johtokunta p\u00e4\u00e4tyi lopulta etsim\u00e4\u00e4n uutta omistajaa velkaantuneelle [&hellip;]<\/p>\n","protected":false},"author":1,"featured_media":0,"parent":68,"menu_order":5,"comment_status":"closed","ping_status":"closed","template":"","meta":{"footnotes":""},"class_list":["post-3481","page","type-page","status-publish","hentry"],"_links":{"self":[{"href":"https:\/\/www.jamsanopisto.fi\/sv\/wp-json\/wp\/v2\/pages\/3481","targetHints":{"allow":["GET"]}}],"collection":[{"href":"https:\/\/www.jamsanopisto.fi\/sv\/wp-json\/wp\/v2\/pages"}],"about":[{"href":"https:\/\/www.jamsanopisto.fi\/sv\/wp-json\/wp\/v2\/types\/page"}],"author":[{"embeddable":true,"href":"https:\/\/www.jamsanopisto.fi\/sv\/wp-json\/wp\/v2\/users\/1"}],"replies":[{"embeddable":true,"href":"https:\/\/www.jamsanopisto.fi\/sv\/wp-json\/wp\/v2\/comments?post=3481"}],"version-history":[{"count":0,"href":"https:\/\/www.jamsanopisto.fi\/sv\/wp-json\/wp\/v2\/pages\/3481\/revisions"}],"up":[{"embeddable":true,"href":"https:\/\/www.jamsanopisto.fi\/sv\/wp-json\/wp\/v2\/pages\/68"}],"wp:attachment":[{"href":"https:\/\/www.jamsanopisto.fi\/sv\/wp-json\/wp\/v2\/media?parent=3481"}],"curies":[{"name":"wp","href":"https:\/\/api.w.org\/{rel}","templated":true}]}}

<div data-elementor-type="wp-page" data-elementor-id="3481" class="elementor elementor-3481" data-elementor-post-type="page">
						<section class="elementor-section elementor-top-section elementor-element elementor-element-55a90bf7 elementor-section-boxed elementor-section-height-default elementor-section-height-default" data-id="55a90bf7" data-element_type="section">
						<div class="elementor-container elementor-column-gap-default">
					<div class="elementor-column elementor-col-100 elementor-top-column elementor-element elementor-element-7810690e" data-id="7810690e" data-element_type="column">
			<div class="elementor-widget-wrap elementor-element-populated">
						<div class="elementor-element elementor-element-10b28284 elementor-widget elementor-widget-text-editor" data-id="10b28284" data-element_type="widget" data-widget_type="text-editor.default">
				<div class="elementor-widget-container">
			<style>/*! elementor - v3.23.0 - 05-08-2024 */
.elementor-widget-text-editor.elementor-drop-cap-view-stacked .elementor-drop-cap{background-color:#69727d;color:#fff}.elementor-widget-text-editor.elementor-drop-cap-view-framed .elementor-drop-cap{color:#69727d;border:3px solid;background-color:transparent}.elementor-widget-text-editor:not(.elementor-drop-cap-view-default) .elementor-drop-cap{margin-top:8px}.elementor-widget-text-editor:not(.elementor-drop-cap-view-default) .elementor-drop-cap-letter{width:1em;height:1em}.elementor-widget-text-editor .elementor-drop-cap{float:left;text-align:center;line-height:1;font-size:50px}.elementor-widget-text-editor .elementor-drop-cap-letter{display:inline-block}</style>				Jämsässä aloitti kansanopisto jo vuonna 1909. Opisto<span style="line-height: 1.5em;"> oli tuolloin niin sanottu</span><span style="line-height: 1.5em;"> </span><span style="line-height: 1.5em;">grundtvigilainen kansanopisto</span><span style="line-height: 1.5em;">.</span><span style="line-height: 1.5em;">Jämsän Kansanopisto teki arvokkaan työn paikkakunnan ja koko maakunnan kansansivistyksen edistämiseksi. Nykyisen opiston kupeessa toimii Pälämäen museoalue, jonka naapuriin opisto muutti vuonna 1919.
</span>

<a href="http://www.jamsanopisto.fi/wp-content/uploads/2014/01/pälämäki.jpg"><img fetchpriority="high" decoding="async" class="alignnone size-medium wp-image-4053 aligncenter" src="http://www.jamsanopisto.fi/wp-content/uploads/2014/01/pälämäki.jpg" alt="pälämäki" width="310" height="205" /></a>

Sotien jälkeisinä vuosina Suomen talous oli vaikea, ja myös opisto ajautui taloudellisiin vaikeuksiin. Silloinen opiston johtokunta päätyi lopulta etsimään uutta omistajaa velkaantuneelle oppilaitokselle.

Toukokuisena aamuna 1963 Jämsänkosken paperitehtaan sähköasentaja <b>Isak Mätäsaho</b> muisti perunapellolla työskennellessään kuulleensa Jämsän kansanopiston vaikeuksista. Hän muisti myös Keski-Suomen vanhoillislestadiolaisten ponnistelut oman kansanopiston paikan löytämiseksi. ”Mutta siinähän se on! Voisiko se olla mahdollista?” välähti Mätäsahon mielessä. Hän lähti saman tien opistolle ja tapasi ulko-ovella silloisen johtokunnan puheenjohtajan <b>Olavi Joutsenen</b>. Joutsen kirjoitti keskeiset tiedot opistosta paperilappuselle ja antoi sen Mätäsaholle.

Jo saman vuoden elokuussa Jämsän Kansanopisto siirtyi <b>Keski-Suomen Kristillisen Kansanopistoyhdistyksen </b>omistukseen. Opistosta tuli <b>Jämsän Kristillinen Kansanopisto</b>.

<a href="http://www.jamsanopisto.fi/wp-content/uploads/2014/01/P1010028.jpg"><img decoding="async" class="alignnone size-medium wp-image-4035 aligncenter" src="http://www.jamsanopisto.fi/wp-content/uploads/2014/01/P1010028.jpg" alt="OLYMPUS DIGITAL CAMERA" width="310" height="232" /></a>

Jämsän Kristillisen Kansanopiston taival on ollut monella tapaa vaikuttava. Kansanopisto on haluttu nähdä nuorison kouluna. Taustayhteisöä edustavalle hallinnolle ja henkilökunnalle se on tarkoittanut arkista puurtamista nuorten kanssa sekä samalla suunnitelmallista ja periksi antamatonta kehittämistyötä eri aikakausien haasteissa. Vahvan, opistotyöhön sitoutuneen <a href="http://www.rauhanyhdistys.fi">taustayhteisön </a>turvin on rohjettu investoida niin opiston päärakennukseen, asuntoloihin, opistoseurojen puitteisiin kuin maa-alueiden hankintaankin.

<a href="http://www.jamsanopisto.fi/wp-content/uploads/2014/01/IMG_2926.jpg"><img decoding="async" class="alignnone size-medium wp-image-4046 aligncenter" src="http://www.jamsanopisto.fi/wp-content/uploads/2014/01/IMG_2926.jpg" alt="IMG_2926" width="310" height="208" /></a>

Jämsän Kristillisen Kansanopisto 50-vuotistaipaleesta koottu juhlakirja Soi kiitoslaulu <a href="http://kauppajamsanopisto.mycashflow.fi/product/12/historiakirja-soi-kiitoslaulu"> </a>julkistettiin keväällä 2013. Kirjan artikkeleissa piirretään elämänmakuista kuvaa opiston vaiheista.  Teos kertoo opiston merkityksestä ja vaikuttavuudesta opiskelijoille, henkilökunnalle ja heidän perheilleen sekä kiinteästä yhteistyöstä taustayhteisön ja sitä edustavan hallinnon välillä. Yli 320 kuvan aineisto valottaa opiston monipuolista toimintaa ja sisältää kaikki vuosikurssikuvat nimiluetteloineen.						</div>
				</div>
					</div>
		</div>
					</div>
		</section>
				</div>

<p>Jämsässä aloitti kansanopisto jo vuonna 1909. Opisto oli tuolloin niin sanottu grundtvigilainen kansanopisto.Jämsän Kansanopisto teki arvokkaan työn paikkakunnan ja koko maakunnan kansansivistyksen edistämiseksi. Nykyisen opiston kupeessa toimii Pälämäen museoalue, jonka naapuriin opisto muutti vuonna 1919. Sotien jälkeisinä vuosina Suomen talous oli vaikea, ja myös opisto ajautui taloudellisiin vaikeuksiin. Silloinen opiston johtokunta päätyi lopulta etsimään uutta omistajaa velkaantuneelle [&hellip;]</p>
